13
Suppose j + 3 - 10 = -4*s, 2*s = -2*j - 4. Let h(a) = -9 + 9*a + s - 4 + 0*a**2 + a**2. What are the prime factors of h(-11)?
2, 3
Let r = -9 + 489. What are the prime factors of r?
2, 3, 5
Let w(c) = 2*c - 6. Let v be w(15). Let m = 29 - v. Suppose m*t = -15, -7*s + 2*s - 4*t = -238. List the prime factors of s.
2, 5
Suppose 8*v - 907 = 2717. What are the prime factors of v?
3, 151
What are the prime factors of 8/(-76) + (-16040)/(-38)?
2, 211
Let m(o) = 5*o - 1. Suppose s + 4*j = -9, 5*s = 3*s + 4*j + 6. Let k be m(s). List the prime factors of (27/1)/(k/(-4)).
2, 3
Let t(o) = 2*o**2 - o - 5. Let d(f) be the first derivative of f**2 + 26*f + 4. Let h be d(-11). List the prime factors of t(h).
23
Suppose -9 = -3*b + 6*b, 3*b - 4507 = -4*s. List the prime factors of s.
1129
Let o(x) = -x + 4. Let k be o(7). Let b be -2 + (2 - (-4 - k)). What are the prime factors of 7 - (b + -3 - 0)?
3
Let t = -20 + 25. Suppose 17 = -t*v - 23. Let b = v + 13. List the prime factors of b.
5
Suppose 2*f + 2 - 10 = 0. Suppose -64 = -4*i + f. What are the prime factors of 4*4/8 + i?
19
Let d = 3541 - 1975. What are the prime factors of d?
2, 3, 29
Let o = 47 + 15. List the prime factors of o.
2, 31
Let p be 0 + 4 + -2 + -8. Let u be (-5325)/(-90) + 1/p. Let z = 101 - u. List the prime factors of z.
2, 3, 7
Suppose -2*p - 93 = -n + 138, 4*p - n + 459 = 0. Let x = -88 - p. List the prime factors of x.
2, 13
Let d(l) = -2*l**3 - 50*l**2 - 199*l + 1. List the prime factors of d(-24).
5, 29
Let u(h) = -2 - 3*h - 3 + 8. Let d(t) = t + 1. Let i be d(-4). List the prime factors of u(i).
2, 3
Suppose 135 + 202 = i - 4*t, 5*t = -5. Let a = i + -73. List the prime factors of a.
2, 5, 13
Suppose -4*i - 2*h + 714 = 0, -i - 2*h + 168 + 15 = 0. List the prime factors of i.
3, 59
Suppose 4*u - 400 = -5*n - 55, 2*u - 175 = -5*n. Let t = -4 + u. List the prime factors of t.
3
Suppose 0*y - 4*y - 30 = 3*a, 0 = -5*y + 4*a - 53. Let d = y + 5. What are the prime factors of (-1 - d)/((-2)/(-10))?
3, 5
Let m be (18/8)/(9/24). Suppose 0 = 44*p - 45*p + m. Let d(w) = 11*w - 8. List the prime factors of d(p).
2, 29
Suppose o - 3*o + 26 = -2*d, -4*d + 56 = 2*o. Suppose -2*z + 24 = 4*y, 0*y = 3*y + 2*z - o. What are the prime factors of y?
2, 3
Let m = 2085 - 1312. List the prime factors of m.
773
Let r = 152 + -215. Let m = 127 + r. What are the prime factors of m?
2
Suppose 3*m = -2*m - 2*o + 400, -2*m + 3*o + 160 = 0. Suppose m = 3*i + 26. Let r = i - 9. List the prime factors of r.
3
Suppose 4*i - 2 - 6 = 0. Suppose x = -i*d + 91, 4*d - 139 = d + x. List the prime factors of d.
2, 23
Let s(o) = -6*o - 6. Suppose -6*w = -3*w. Suppose 4*a + 11 = 5*z, -5 + w = 5*z. What are the prime factors of s(a)?
2, 3
Let k = 354 + -18. List the prime factors of k.
2, 3, 7
What are the prime factors of ((-24)/20)/((-5)/2350)?
2, 3, 47
Let v be (-2)/(-6) - (-358)/6. Suppose -2*c - 4*s + 132 = s, -v = -c - s. What are the prime factors of c?
2, 7
What are the prime factors of (5057/(-52))/((-2)/8)?
389
Suppose 5*g - 3*z = 2431, 5*g + z - 873 = 1570. List the prime factors of g.
2, 61
Let d = -11 + 14. Suppose -d*f + 6 = -18. Let z = f - -11. List the prime factors of z.
19
Let g(z) = 679*z**3 - 2*z**2 - 4*z + 5. List the prime factors of g(1).
2, 3, 113
Let h(p) = p**3 - 6*p**2 - 9*p + 6. Let c = 113 - 105. List the prime factors of h(c).
2, 31
What are the prime factors of (-4)/(40/(-15))*13136/12?
2, 821
Let f(h) = -50*h + 2. Suppose -t = 0, 5*v + 10 = -0*v - 5*t. What are the prime factors of f(v)?
2, 3, 17
Let r(n) = -3*n**3 - 12 - 5*n**2 + 15*n**2 - 13*n + 0*n**2 + 2*n**3. What are the prime factors of r(6)?
2, 3
Let b(m) = -16*m + 64. List the prime factors of b(-5).
2, 3
Let y(g) = -g**2 + 4*g + 5. Let l be y(5). Let q(w) = w**2 - w + 67. What are the prime factors of q(l)?
67
Let w = 754 + -287. What are the prime factors of w?
467
Let c be (-4 + 4)/((-2)/2*3). Let x(d) = d**3 + 2*d + 284. What are the prime factors of x(c)?
2, 71
What are the prime factors of 947 + (-1 - (8 - (-21)/(-7)))?
941
List the prime factors of 2/5 - 2709/(-15).
181
What are the prime factors of (36/252)/((-2)/(-9002))?
643
Suppose 0 = 3*v + 4*t - 832 - 1219, 3 = -3*t. What are the prime factors of v?
5, 137
Suppose -q = -a + 5229, 3*q + 16245 = 4*a - 4666. What are the prime factors of a?
2, 653
Suppose 5*a + 0*a + 20 = 0. List the prime factors of ((-2)/(-3))/(-3*a/2646).
3, 7
List the prime factors of (-3005)/(-4) - (-120)/(-96).
2, 3, 5
Let k be 2/(0 + 8/(-12)). Let b be (k - -6 - 3) + -4. What are the prime factors of 28/5*(-30)/b?
2, 3, 7
Let z = -217 + 289. What are the prime factors of z?
2, 3
Suppose -2*m - 236 = -s, -2*m + 3*s + 78 - 306 = 0. Let a = 22 - m. What are the prime factors of a?
2, 71
Suppose -20*i + 3180 = -15*i. Suppose -4*p + 4*x = -i, -p + 2*x = -0*x - 156. What are the prime factors of p?
2, 3
Let y be (4 + 0 - 1) + (44 - -4). Let a = y + 61. What are the prime factors of a?
2, 7
Let o = 37 + -25. Suppose -o = -b - 3*b. Suppose -3*n = b*p - 72, 4*n = -3*p + 2*n + 67. List the prime factors of p.
19
Let q = 144 - -2150. List the prime factors of q.
2, 31, 37
Let d = -53 - -54. Let u = -9 - -5. What are the prime factors of 7/d + 0/u?
7
Suppose -4*o = -h + 40, 14 = -o + 3*h + 4. Let a = o - -66. List the prime factors of a.
2, 7
Let h be (-17)/(-34) + (-1693)/(-2). Suppose 0 = 4*k + 3*f - h, 0*k - 2*f - 434 = -2*k. List the prime factors of k.
2, 107
Suppose -7*y + 3*y = 2*v - 566, v = 5*y - 711. Let o = y + -100. What are the prime factors of o?
2, 3, 7
Suppose 3*o - 3 = 9. Suppose o*q - 4 = -0*q. List the prime factors of (-817)/(-76) - q/(-4).
11
Suppose -3846 = -16*n + 21866. List the prime factors of n.
1607
Let u = 233 - 458. Suppose 0 = 3*f + 10 + 8. What are the prime factors of u/10*f/5?
3
Let f = 297 - 27. Let i = f - 168. What are the prime factors of i?
2, 3, 17
Suppose 78*r - 91*r + 14222 = 0. List the prime factors of r.
2, 547
Let v be -6*(520/(-12))/5. Suppose 2*i - 72 = -0*i - 5*c, -v = -2*i + 5*c. List the prime factors of i.
31
Suppose 17*p + 3829 = 24*p. What are the prime factors of p?
547
Let z(d) = -d**3 - 11*d**2 + 25*d + 15. Let m be z(-13). Let v = m - 4. What are the prime factors of v?
2, 3
Let p(n) = -n**2 + 8*n - 12. Let w be p(5). Suppose -3*d + 117 = -w*b, 3*d - 10 = -4. Let l = b - -66. List the prime factors of l.
29
What are the prime factors of (4 + -607)*10/(-15)?
2, 3, 67
Suppose 5*u - 26 + 1 = 0. Suppose u*l = 7*l - 184. What are the prime factors of l?
2, 23
Let i = 128 + 174. Suppose 4*d = -2*f - 2*f + 612, 2*d + 3*f - i = 0. List the prime factors of d.
157
Suppose -2*m = -2*a - 220, 0*m + 4*a = 2*m - 220. What are the prime factors of m?
2, 5, 11
Let i(a) = -a**3 - 12*a**2 + 11*a + 9. Suppose 3*n + 5 = -1. Let x(j) = -j**3 - j**2 + j + 1. Let s(k) = n*x(k) + i(k). List the prime factors of s(9).
7
Let y be 483 - 6/((-9)/3). Suppose 2*o - 171 - 25 = -2*a, 5*a - y = -4*o. List the prime factors of a.
3, 31
Let p = -20 + 25. Suppose -763 = -p*w - 278. What are the prime factors of w?
97
Suppose -3010 = -5*a + 3*l, -2*a + 1204 = 2*l - 5*l. List the prime factors of a.
2, 7, 43
Let t = 929 - 624. Suppose 0 = -4*a + 3*j + t, -3*a + 213 = -j + 4*j. What are the prime factors of a?
2, 37
Let y be 22/(-55) + (-54)/(-10). Suppose p + 7 = 3*q, 2*q - y*p = 5*q - 19. Suppose 4*v + 0*o - q*o - 123 = 0, -v + 24 = -3*o. What are the prime factors of v?
3, 11
Let g(l) = 8*l**2 - 44*l - 18. Suppose 0*u + 33 = 3*u. Let s(t) = -3*t**2 + 15*t + 6. Let f(y) = u*s(y) + 4*g(y). What are the prime factors of f(-7)?
2, 11
Let v(j) = 52*j - 209. What are the prime factors of v(23)?
3, 7, 47
Let y = -29 - -66. Let m = 116 - y. List the prime factors of m.
79
Let h = -12 - -9. Let q = 85 - h. Suppose 4*t + t - 115 = 5*p, 4*t - 3*p - q = 0. List the prime factors of t.
19
Let o be -3 + (247 - (2 - -2)). Suppose -5*f - 5*t + o = 0, -4*f - 3*t = -7*t - 168. List the prime factors of f.
3, 5
Suppose 0 = -3*y - 4*o + 29, -4*y + 0*o + 4*o = -76. Let c = -11 + y. Let j = 24 - c. What are the prime factors of j?
2, 5
Let l(w) = w**2 - 8. Let v be l(0). Let y be ((-54)/v)/(15/320). Suppose 5*d - y = d. What are the prime factors of d?
2, 3
Let b(v) = -3*v + 6. Let d be b(3). List the 